 239, 1471
List the prime factors of 1500772.
2, 7, 13, 19, 31
What are the prime factors of 613261?
11, 197, 283
What are the prime factors of 2199686?
2, 1099843
What are the prime factors of 551835?
3, 5, 12263
What are the prime factors of 671728?
2, 41983
What are the prime factors of 307289?
307289
What are the prime factors of 1058553?
3, 117617
List the prime factors of 235280.
2, 5, 17, 173
List the prime factors of 329416.
2, 41177
What are the prime factors of 7836968?
2, 19, 47, 1097
What are the prime factors of 5845148?
2, 1461287
What are the prime factors of 1751433?
3, 43, 13577
What are the prime factors of 260218?
2, 7, 18587
List the prime factors of 593548.
2, 148387
List the prime factors of 678483.
3, 13, 1933
List the prime factors of 11985.
3, 5, 17, 47
What are the prime factors of 23922?
2, 3, 443
What are the prime factors of 267344?
2, 7, 11, 31
List the prime factors of 7145107.
29, 37, 6659
List the prime factors of 10833199.
13, 17, 49019
List the prime factors of 838903.
13, 47, 1373
What are the prime factors of 1389085?
5, 23, 47, 257
What are the prime factors of 166473?
3, 53, 349
List the prime factors of 610979.
31, 19709
List the prime factors of 990779.
887, 1117
What are the prime factors of 918630?
2, 3, 5, 59, 173
List the prime factors of 32018833.
7, 11, 631, 659
List the prime factors of 278033.
7, 39719
List the prime factors of 185901.
3, 61967
List the prime factors of 1248736.
2, 39023
What are the prime factors of 2056892?
2, 127, 4049
What are the prime factors of 21439844?
2, 5359961
What are the prime factors of 24880417?
277, 89821
List the prime factors of 1242092.
2, 23, 587
List the prime factors of 76106.
2, 38053
What are the prime factors of 1305388?
2, 7, 23, 2027
What are the prime factors of 381538?
2, 190769
What are the prime factors of 1905655?
5, 257, 1483
What are the prime factors of 780876?
2, 3, 109, 199
List the prime factors of 2802738.
2, 3, 467123
What are the prime factors of 5854489?
19, 23, 13397
What are the prime factors of 2419967?
11, 17, 12941
What are the prime factors of 2387737?
11, 131, 1657
List the prime factors of 253300.
2, 5, 17, 149
What are the prime factors of 171509?
13, 79, 167
List the prime factors of 21363788.
2, 41, 130267
List the prime factors of 607031.
19, 43, 743
What are the prime factors of 108168?
2, 3, 4507
What are the prime factors of 10026082?
2, 11, 31, 61, 241
List the prime factors of 103276.
2, 25819
List the prime factors of 373282.
2, 7, 13, 293
What are the prime factors of 118903?
118903
List the prime factors of 206255.
5, 7, 71, 83
List the prime factors of 4635891.
3, 13, 39623
List the prime factors of 152155.
5, 30431
What are the prime factors of 674619?
3, 11, 20443
What are the prime factors of 271547?
383, 709
List the prime factors of 299483.
23, 29, 449
What are the prime factors of 240012?
2, 3, 59, 113
What are the prime factors of 1339900?
2, 5, 13399
List the prime factors of 21667176.
2, 3, 29, 1153
List the prime factors of 306902.
2, 173, 887
What are the prime factors of 4194655?
5, 838931
What are the prime factors of 525635?
5, 11, 19, 503
What are the prime factors of 589318?
2, 294659
What are the prime factors of 1957035?
3, 5, 130469
What are the prime factors of 419137?
29, 97, 149
List the prime factors of 8244440.
2, 5, 79, 2609
What are the prime factors of 31658101?
89, 227, 1567
List the prime factors of 5495233.
17, 323249
What are the prime factors of 9089324?
2, 23, 31, 3187
What are the prime factors of 7979554?
2, 11, 362707
List the prime factors of 17710531.
37, 127, 3769
What are the prime factors of 3103597?
7, 23, 37, 521
List the prime factors of 13249081.
23, 397, 1451
What are the prime factors of 632508?
2, 3, 52709
List the prime factors of 1063299.
3, 17, 20849
What are the prime factors of 489838?
2, 17, 14407
What are the prime factors of 2298?
2, 3, 383
List the prime factors of 1097254.
2, 523, 1049
List the prime factors of 32863.
59, 557
List the prime factors of 157751.
11, 14341
What are the prime factors of 6264669?
3, 491, 4253
List the prime factors of 353906.
2, 7, 17, 1487
What are the prime factors of 48638?
2, 83, 293
What are the prime factors of 8376?
2, 3, 349
What are the prime factors of 1046045?
5, 7, 11, 13, 19
What are the prime factors of 2340988?
2, 13, 3463
What are the prime factors of 1267349?
1267349
List the prime factors of 135232.
2, 2113
What are the prime factors of 700017?
3, 19, 12281
List the prime factors of 72673.
72673
List the prime factors of 9327206.
2, 7, 666229
List the prime factors of 954964.
2, 193, 1237
List the prime factors of 3957500.
2, 5, 1583
What are the prime factors of 6861731?
1117, 6143
List the prime factors of 13098459.
3, 11, 29, 13687
List the prime factors of 132030.
2, 3, 5, 163
What are the prime factors of 326330?
2, 5, 32633
What are the prime factors of 13649309?
491, 27799
List the prime factors of 115326.
2, 3, 43, 149
What are the prime factors of 2357350?
2, 5, 47147
List the prime factors of 3511839.
3, 263, 4451
What are the prime factors of 345087?
3, 12781
List the prime factors of 8156314.
2, 179, 22783
List the prime factors of 9326661.
3, 23, 29, 59, 79
What are the prime factors of 2654855?
5, 7, 75853
What are the prime factors of 180920?
2, 5, 4523
List the prime factors of 881064.
2, 3, 4079
List the prime factors of 790976.
2, 17, 727
What are the prime factors of 632375?
5, 5059
What are the prime factors of 1570514?
2, 11, 71387
List the prime factors of 1394507.
101, 13807
What are the prime factors of 207357?
3, 69119
What are the prime factors of 22180?
2, 5, 1109
List the prime factors of 6218145.
3, 5, 138181
What are the prime factors of 183203?
183203
List the prime factors of 8585902.
2, 13, 330227
List the prime factors of 79657.
79657
What are the prime factors of 10731?
3, 7, 73
List the prime factors of 40159.
7, 5737
What are the prime factors of 425413?
31, 13723
List the prime factors of 27261535.
5, 7, 239, 3259
What are the prime factors of 9022?
2, 13, 347
List the prime factors of 201516.
2, 3, 7, 2399
What are the prime factors of 137048?
2, 37, 463
What are the prime factors of 4131471?
3, 1377157
What are the prime factors of 4977877?
4977877
List the prime factors of 864198.
2, 3, 41, 1171
What are the prime factors of 1340733?
3, 446911
What are the prime factors of 9654352?
2, 41, 14717
List the prime factors of 135567.
3, 5021
List the prime factors of 3487459.
827, 4217
What are the prime factors of 2060923?
383, 5381
What are the prime factors of 977396?
2, 7, 67, 521
What are the prime factors of 1711696?
2, 7, 17, 29, 31
List the prime factors of 1848607.
1848607
What are the prime factors of 1120124?
2, 280031
List the prime factors of 1160173.
7, 23677
What are the prime factors of 3961185?
3, 5, 181, 1459
List the prime factors of 20454.
2, 3, 7, 487
List the prime factors of 13668495.
3, 5, 911233
What are the prime factors of 129532?
2, 13, 47, 53
What are the prime factors of 261219?
3, 7, 1777
List the prime factors of 88324.
2, 71, 311
What are the prime factors of 246539?
246539
What are the prime factors of 1600643?
11, 145513
List the prime factors of 53138.
2, 163
List the prime factors of 7416.
2, 3, 103
List the prime factors of 387109.
387109
List the prime factors of 4722766.
2, 29, 107, 761
List the prime factors of 81162.
2, 3, 167
List the prime factors of 513071.
13, 61, 647
What are the prime factors of 8898849?
3, 329587
What are the prime factors of 106945?
5, 73, 293
List the prime factors of 1285943.
1285943
What are the prime factors of 4799257?
191, 25127
List the prime factors of 711570.
2, 3, 5, 23719
What are the prime factors of 272035?
5, 41, 1327
What are the prime factors of 5494365?
3, 5, 40699
List the prime factors of 3675536.
2, 17, 13513
List the prime factors of 554000.
2, 5, 277
List the prime factors of 1374878.
2, 19, 97, 373
What are the prime factors of 848463?
3, 7, 11, 3673
List the prime factors of 1419629.
23, 61723
What are the prime factors of 557344?
2, 17417
List the prime factors of 82226.
2, 41113
List the prime factors of 549869.
29, 67, 283
What are the prime factors of 3096479?
3096479
List the prim